2
29 (base 12) to base 4
201
What is -2 (base 10) in base 8?
-2
1 (base 13) to base 3
1
2 (base 12) to base 11
2
Convert 1 (base 8) to base 5.
1
Convert 32 (base 6) to base 13.
17
Convert -10212 (base 3) to base 2.
-1101000
What is 2 (base 4) in base 7?
2
-1 (base 7) to base 6
-1
-2 (base 9) to base 6
-2
-157 (base 10) to base 16
-9d
What is 17 (base 11) in base 4?
102
What is 57 (base 8) in base 9?
52
What is 144 (base 5) in base 6?
121
Convert 1 (base 10) to base 4.
1
Convert -326 (base 9) to base 16.
-10b
97 (base 10) to base 12
81
Convert 1 (base 11) to base 8.
1
Convert 331 (base 5) to base 9.
111
-32 (base 8) to base 2
-11010
What is 22 (base 9) in base 4?
110
What is 1 (base 16) in base 13?
1
3 (base 7) to base 8
3
Convert -1e (base 15) to base 13.
-23
Convert 3 (base 9) to base 8.
3
2 (base 9) to base 10
2
What is 1332 (base 4) in base 3?
11200
Convert -1010 (base 2) to base 10.
-10
Convert -110 (base 2) to base 12.
-6
Convert -3 (base 9) to base 15.
-3
Convert -11 (base 15) to base 3.
-121
What is 0 (base 5) in base 2?
0
What is 8e (base 16) in base 12?
ba
What is 12 (base 7) in base 11?
9
4 (base 15) to base 2
100
What is 21 (base 5) in base 9?
12
3 (base 6) to base 7
3
What is -202 (base 13) in base 2?
-101010100
-15 (base 13) to base 11
-17
What is 20 (base 4) in base 15?
8
49 (base 14) to base 3
2102
Convert -11 (base 4) to base 15.
-5
What is -1c (base 13) in base 2?
-11001
What is -52 (base 12) in base 16?
-3e
165 (base 12) to base 8
335
What is 10 (base 2) in base 7?
2
What is 21 (base 10) in base 15?
16
What is 11 (base 5) in base 15?
6
5 (base 9) to base 6
5
What is 32 (base 8) in base 6?
42
Convert 1 (base 6) to base 12.
1
Convert -1 (base 5) to base 11.
-1
-3 (base 6) to base 9
-3
Convert -132 (base 8) to base 16.
-5a
What is 24 (base 13) in base 14?
22
22 (base 5) to base 14
c
Convert -5 (base 15) to base 10.
-5
Convert -20 (base 3) to base 10.
-6
3 (base 10) to base 7
3
-45 (base 7) to base 5
-113
Convert 10 (base 7) to base 16.
7
What is -8d (base 15) in base 4?
-2011
-24 (base 7) to base 14
-14
Convert 0 (base 15) to base 4.
0
What is 234 (base 8) in base 3?
12210
33 (base 6) to base 5
41
What is 10 (base 10) in base 13?
a
Convert -5 (base 6) to base 9.
-5
Convert -102 (base 6) to base 5.
-123
Convert -33 (base 16) to base 7.
-102
-504 (base 6) to base 15
-c4
1300 (base 4) to base 14
80
What is 12 (base 11) in base 12?
11
222 (base 7) to base 16
72
What is 26 (base 14) in base 7?
46
Convert 1 (base 7) to base 15.
1
Convert 1203 (base 4) to base 14.
71
What is -10 (base 14) in base 12?
-12
Convert -11001010 (base 2) to base 16.
-ca
What is 2 (base 16) in base 9?
2
Convert -214 (base 5) to base 13.
-47
4 (base 5) to base 16
4
-1b (base 13) to base 9
-26
-10100 (base 2) to base 13
-17
What is -3 (base 10) in base 8?
-3
Convert -3 (base 13) to base 11.
-3
35 (base 7) to base 8
32
What is -3 (base 4) in base 6?
-3
What is -1010 (base 2) in base 14?
-a
-12 (base 3) to base 12
-5
Convert 2 (base 5) to base 3.
2
What is -44 (base 5) in base 14?
-1a
What is -8 (base 9) in base 5?
-13
Convert 29 (base 10) to base 13.
23
6 (base 9) to base 5
11
Convert -10203 (base 4) to base 5.
-2131
Convert -1 (base 8) to base 7.
-1
-42 (base 6) to base 16
-1a
What is 51 (base 9) in base 6?
114
Convert 29 (base 15) to base 5.
124
-36 (base 13) to base 2
-101101
1101010 (base 2) to base 4
1222
What is -11 (base 2) in base 5?
-3
Convert -7 (base 16) to base 9.
-7
Convert -29 (base 11) to base 4.
-133
What is 4 (base 7) in base 13?
4
What is 10 (base 2) in base 15?
2
b (base 12) to base 2
1011
34 (base 10) to base 5
114
What is 8 (base 14) in base 12?
8
What is -1 (base 14) in base 11?
-1
Convert 3 (base 12) to base 9.
3
Convert -8 (base 9) to base 14.
-8
Convert 3 (base 9) to base 15.
3
Convert -1 (base 4) to base 10.
-1
117 (base 10) to base 5
432
What is 5 (base 14) in base 2?
101
2 (base 12) to base 5
2
Convert 7 (base 13) to base 14.
7
What is -1 (base 12) in base 11?
-1
Convert 5c (base 14) to base 15.
57
Convert 0 (base 5) to base 13.
0
8a (base 14) to base 12
a2
-20 (base 4) to base 6
-12
What is 10 (base 3) in base 8?
3
What is -22 (base 8) in base 3?
-200
What is -3 (base 11) in base 9?
-3
a (base 16) to base 9
11
1 (base 5) to base 14
1
What is 25 (base 10) in base 3?
221
Convert 8 (base 11) to base 15.
8
220 (base 3) to base 12
20
-39 (base 11) to base 15
-2c
-2011 (base 5) to base 4
-10000
What is -8 (base 9) in base 10?
-8
-1 (base 8) to base 10
-1
What is 3 (base 8) in base 7?
3
335 (base 6) to base 5
1011
211 (base 7) to base 13
82
Convert -3 (base 8) to base 9.
-3
-1 (base 5) to base 16
-1
-5 (base 16) to base 15
-5
-2 (base 16) to base 8
-2
Convert -1 (base 11) to base 10.
-1
What is -87 (base 10) in base 16?
-57
16b (base 13) to base 4
10002
What is 551 (base 6) in base 8?
323
Convert 8 (base 14) to base 16.
8
-11 (base 2) to base 9
-3
What is 247 (base 8) in base 16?
a7
b (base 15) to base 6
15
Convert -21 (base 3) to base 2.
-111
What is -11101 (base 2) in base 3?
-1002
-152 (base 7) to base 5
-321
5 (base 9) to base 15
5
5 (base 9) to base 14
5
1d (base 14) to base 8
33
What is -4 (base 16) in base 5?
-4
0 (base 13) to base 15
0
What is -10033 (base 4) in base 15?
-131
-e (base 16) to base 4
-32
Convert -5 (base 11) to base 12.
-5
2a (base 12) to base 11
31
3 (base 8) to base 9
3
What is 202 (base 3) in base 6?
32
What is -2 (base 3) in base 6?
-2
What is 3 (base 4) in base 10?
3
Convert -87 (base 14) to base 7.
-230
What is 101 (base 2) in base 3?
12
Convert 2 (base 7) to base 4.
2
What is -6 (base 13) in base 16?
-6
Convert 102212 (base 3) to base 11.
271
What is -111 (base 12) in base 16?
-9d
Convert -3 (base 7) to base 12.
-3
What is -31 (base 10) in base 13?
-25
What is -1011110 (base 2) in base 3?
-10111
Convert -1221 (base 4) to base 8.
-151
1002 (base 4) to base 14
4a
Convert -31 (base 7) to base 16.
-16
What is -3 (base 13) in base 5?
-3
Convert -2 (base 9) to base 8.
-2
What is 1 (base 13) in base 15?
1
Convert 2 (base 6) to base 3.
2
Convert -1 (base 9) to base 11.
-1
What is 1000100 (base 2) in base 6?
152
What is 110000011 (base 2) in base 10?
387
Convert 414 (base 6) to base 8.
232
Convert 21 (base 13) to base 5.
102
Convert -10 (base 5) to base 7.
-5
33 (base 12) to base 15
29
Convert -2 (base 12) to base 3.
-2
-15 (base 12) to base 7
-23
Convert 1 (base 11) to base 16.
1
What is -10000 (base 2) in base 5?
-31
What is -14 (base 14) in base 16?
-12
What is -18 (base 9) in base 15?
-12
What is -10 (base 2) in base 9?
-2
Convert -44 (base 5) to base 13.
-1b
What is -1011110 (base 2) in base 13?
-73
Convert 0 (base 8) to base 11.
0
What is 2 (base 4) in base 12?
2
Convert -a7 (base 14) to base 4.
-2103
What is 17 (base 9) in base 13?
13
Convert -1b (base 12) to base 8.
-27
1020 (base 3) to base 8
41
What is 5a (base 13) in base 9?
83
What is -203 (base 7) in base 8?
-145
Convert 23 (base 4) to base 15.
b
What is -9 (base 10) in base 13?
-9
What is 11 (base 3) in base 9?
4
-2 (base 16) to base 12
-2
What is -5b (base 13) in base 5?
-301
Convert 15 (base 14) to base 3.
201
Convert -101 (base 2) to base 10.
-5
What is 36 (base 10) in base 16?
24
What is -13 (base 6) in base 10?
-9
What is 0 (base 6) in base 16?
0
What is 1 (base 8) in base 2?
1
0 (base 2) to base 14
0
Convert -1 (base 4) to base 3.
-1
Convert -b9 (base 15) to base 13.
-105
What is -4 (base 5) in base 11?
-4
Convert 2 (base 3) to base 8.
2
4 (base 16) to base 13
4
Convert -1 (base 14) to base 13.
-1
What is 1011 (base 4) in base 9?
76
What is -1 (base 3) in base 13?
-1
Convert 25 (base 10) to base 11.
23
-2 (base 3) to base 12
-2
What is 1 (base 2) in base 9?
1
What is -12 (base 15) in base 2?
-10001
Convert -105 (base 9) to base 14.
-62
What is -1 (base 13) in base 10?
-1
What is -11 (base 11) in base 16?
-c
-a (base 13) to base 15
-a
1 (base 7) to base 15
1
Convert 4 (base 12) to base 10.
4
What is 336 (base 7) in base 14?
c6
-3 (base 5) to base 10
-3
What is 423 (base 6) in base 16?
9f
203 (base 4) to base 3
1022
-10000 (base 2) to base 14
-12
Convert -100 (base 9) to base 4.
-1101
-1101 (base 2) to base 14
-d
-7 (base 16) to base 11
-7
-41 (base 7) to base 16
-1d
-4 (base 5) to base 14
-4
-3 (base 4) to base 14
-3
Convert 21 (base 3) to base 6.